ime factors of 54803.
7, 7829
List the prime factors of 24800.
2, 5, 31
What are the prime factors of 1866?
2, 3, 311
What are the prime factors of 5074?
2, 43, 59
What are the prime factors of 37815?
3, 5, 2521
What are the prime factors of 1761?
3, 587
List the prime factors of 4580.
2, 5, 229
List the prime factors of 7894.
2, 3947
What are the prime factors of 2706?
2, 3, 11, 41
What are the prime factors of 13429?
13, 1033
What are the prime factors of 31496?
2, 31, 127
List the prime factors of 2092.
2, 523
What are the prime factors of 5230?
2, 5, 523
List the prime factors of 599.
599
What are the prime factors of 267?
3, 89
List the prime factors of 37551.
3, 12517
List the prime factors of 42845.
5, 11, 19, 41
What are the prime factors of 64262?
2, 11, 23, 127
What are the prime factors of 309?
3, 103
What are the prime factors of 2572?
2, 643
List the prime factors of 21411.
3, 13, 61
What are the prime factors of 475?
5, 19
List the prime factors of 2565.
3, 5, 19
List the prime factors of 53979.
3, 19, 947
What are the prime factors of 492?
2, 3, 41
What are the prime factors of 43?
43
What are the prime factors of 4856?
2, 607
What are the prime factors of 1807?
13, 139
List the prime factors of 102224.
2, 6389
What are the prime factors of 147986?
2, 61, 1213
What are the prime factors of 1145?
5, 229
What are the prime factors of 15247?
79, 193
What are the prime factors of 1744?
2, 109
List the prime factors of 4974.
2, 3, 829
List the prime factors of 2372.
2, 593
What are the prime factors of 3510?
2, 3, 5, 13
What are the prime factors of 72030?
2, 3, 5, 7
List the prime factors of 16350.
2, 3, 5, 109
List the prime factors of 9732.
2, 3, 811
What are the prime factors of 2391?
3, 797
List the prime factors of 75853.
75853
List the prime factors of 3763.
53, 71
List the prime factors of 19284.
2, 3, 1607
What are the prime factors of 1705?
5, 11, 31
List the prime factors of 20963.
20963
List the prime factors of 81267.
3, 103, 263
What are the prime factors of 736?
2, 23
List the prime factors of 253.
11, 23
What are the prime factors of 88?
2, 11
List the prime factors of 18595.
5, 3719
What are the prime factors of 17050?
2, 5, 11, 31
List the prime factors of 14848.
2, 29
List the prime factors of 3266.
2, 23, 71
List the prime factors of 302.
2, 151
What are the prime factors of 3427?
23, 149
List the prime factors of 1121.
19, 59
List the prime factors of 11838.
2, 3, 1973
List the prime factors of 3262.
2, 7, 233
What are the prime factors of 59518?
2, 29759
List the prime factors of 2602.
2, 1301
What are the prime factors of 2674?
2, 7, 191
What are the prime factors of 14279?
109, 131
What are the prime factors of 10291?
41, 251
List the prime factors of 21391.
21391
What are the prime factors of 12827?
101, 127
What are the prime factors of 9544?
2, 1193
What are the prime factors of 62279?
7, 31, 41
What are the prime factors of 151959?
3, 37
What are the prime factors of 72703?
23, 29, 109
What are the prime factors of 2348?
2, 587
What are the prime factors of 3667?
19, 193
List the prime factors of 5284.
2, 1321
List the prime factors of 9682.
2, 47, 103
What are the prime factors of 1732?
2, 433
What are the prime factors of 61460?
2, 5, 7, 439
What are the prime factors of 5915?
5, 7, 13
What are the prime factors of 78642?
2, 3, 17, 257
List the prime factors of 1668.
2, 3, 139
List the prime factors of 875.
5, 7
List the prime factors of 1088.
2, 17
What are the prime factors of 35435?
5, 19, 373
List the prime factors of 723.
3, 241
List the prime factors of 605.
5, 11
What are the prime factors of 887?
887
What are the prime factors of 2184?
2, 3, 7, 13
What are the prime factors of 23181?
3, 7727
What are the prime factors of 2182?
2, 1091
What are the prime factors of 3956?
2, 23, 43
List the prime factors of 1108.
2, 277
What are the prime factors of 28059?
3, 47, 199
What are the prime factors of 113287?
113287
List the prime factors of 6743.
11, 613
What are the prime factors of 1005?
3, 5, 67
What are the prime factors of 18664?
2, 2333
What are the prime factors of 52347?
3, 17449
What are the prime factors of 33978?
2, 3, 7, 809
List the prime factors of 849.
3, 283
What are the prime factors of 3026?
2, 17, 89
List the prime factors of 1141.
7, 163
What are the prime factors of 1212?
2, 3, 101
List the prime factors of 14355.
3, 5, 11, 29
List the prime factors of 4054.
2, 2027
What are the prime factors of 413?
7, 59
What are the prime factors of 9243?
3, 13, 79
What are the prime factors of 1966?
2, 983
What are the prime factors of 4123?
7, 19, 31
What are the prime factors of 1179?
3, 131
List the prime factors of 2775.
3, 5, 37
What are the prime factors of 23088?
2, 3, 13, 37
What are the prime factors of 3597?
3, 11, 109
List the prime factors of 1032.
2, 3, 43
What are the prime factors of 9047?
83, 109
List the prime factors of 419.
419
What are the prime factors of 707?
7, 101
List the prime factors of 1424.
2, 89
What are the prime factors of 13658?
2, 6829
What are the prime factors of 1105?
5, 13, 17
List the prime factors of 11307.
3, 3769
List the prime factors of 41967.
3, 4663
What are the prime factors of 4838?
2, 41, 59
List the prime factors of 2765.
5, 7, 79
List the prime factors of 3241.
7, 463
What are the prime factors of 2279?
43, 53
List the prime factors of 538.
2, 269
What are the prime factors of 267?
3, 89
What are the prime factors of 2197?
13
List the prime factors of 1164.
2, 3, 97
List the prime factors of 1583.
1583
List the prime factors of 3669.
3, 1223
What are the prime factors of 8976?
2, 3, 11, 17
What are the prime factors of 371?
7, 53
What are the prime factors of 26430?
2, 3, 5, 881
List the prime factors of 674.
2, 337
What are the prime factors of 141?
3, 47
What are the prime factors of 7367?
53, 139
What are the prime factors of 12357?
3, 1373
What are the prime factors of 2137?
2137
List the prime factors of 665.
5, 7, 19
What are the prime factors of 1850?
2, 5, 37
What are the prime factors of 64926?
2, 3, 3607
What are the prime factors of 39098?
2, 113, 173
List the prime factors of 1134.
2, 3, 7
What are the prime factors of 14992?
2, 937
List the prime factors of 2998.
2, 1499
List the prime factors of 4866.
2, 3, 811
What are the prime factors of 33889?
33889
What are the prime factors of 49060?
2, 5, 11, 223
What are the prime factors of 10985?
5, 13
List the prime factors of 14312.
2, 1789
What are the prime factors of 1104?
2, 3, 23
List the prime factors of 8114.
2, 4057
What are the prime factors of 3227?
7, 461
What are the prime factors of 4073?
4073
List the prime factors of 510.
2, 3, 5, 17
List the prime factors of 600.
2, 3, 5
What are the prime factors of 17443?
17443
What are the prime factors of 3843?
3, 7, 61
List the prime factors of 471.
3, 157
List the prime factors of 17393.
17393
What are the prime factors of 2276?
2, 569
List the prime factors of 6636.
2, 3, 7, 79
List the prime factors of 11004.
2, 3, 7, 131
List the prime factors of 60590.
2, 5, 73, 83
What are the prime factors of 23988?
2, 3, 1999
List the prime factors of 1882.
2, 941
What are the prime factors of 1606?
2, 11, 73
What are the prime factors of 88?
2, 11
List the prime factors of 110787.
3, 36929
What are the prime factors of 21944?
2, 13, 211
List the prime factors of 1558.
2, 19, 41
List the prime factors of 12551.
7, 11, 163
What are the prime factors of 42698?
2, 37, 577
What are the prime factors of 3487?
11, 317
What are the prime factors of 3713?
47, 79
List the prime factors of 1624.
2, 7, 29
What are the prime factors of 64383?
3, 11, 1951
What are the prime factors of 8185?
5, 1637
What are the prime factors of 8990?
2, 5, 29, 31
What are the prime factors of 9084?
2, 3, 757
List the prime factors of 4598.
2, 11, 19
What are the prime factors of 1200?
2, 3, 5
List the prime factors of 15740.
2, 5, 787
What are the prime factors of 5862?
2, 3, 977
What are the prime factors of 75494?
2, 37747
What are the prime factors of 9416?
2, 11, 107
List the prime factors of 144.
2, 3
What are the prime factors of 9987?
3, 3329
List the prime factors of 1335.
3, 5, 89
List the prime factors of 689.
13, 53
What are the prime factors of 10901?
1